
What is the greatest common divisor of 7732316 and 38?
38
What is the highest common factor of 5952 and 4712?
248
Calculate the greatest common factor of 618 and 934107.
309
What is the greatest common factor of 1186 and 5712962?
1186
What is the greatest common divisor of 711139 and 286?
143
Calculate the highest common factor of 1358 and 5950.
14
Calculate the highest common divisor of 32 and 888.
8
Calculate the greatest common divisor of 500581 and 5362.
383
What is the greatest common divisor of 1515 and 345?
15
What is the greatest common factor of 540 and 516600?
180
Calculate the greatest common factor of 240 and 3040.
80
Calculate the highest common factor of 203743 and 1679.
73
What is the highest common divisor of 153280 and 80?
80
Calculate the greatest common factor of 1844415 and 765.
765
Calculate the greatest common factor of 561 and 33528.
33
What is the highest common factor of 659099 and 49?
49
What is the highest common divisor of 248128 and 64?
64
What is the highest common divisor of 1364 and 27218?
62
Calculate the greatest common divisor of 551901 and 21.
21
What is the highest common factor of 9 and 1899?
9
What is the highest common factor of 72 and 137304?
72
What is the highest common divisor of 38 and 766?
2
Calculate the highest common factor of 19 and 745161.
19
Calculate the highest common factor of 55 and 120.
5
What is the highest common divisor of 11208 and 64680?
24
Calculate the highest common divisor of 138457 and 32923.
451
What is the greatest common factor of 713 and 16307?
23
Calculate the highest common divisor of 72499 and 14.
7
What is the greatest common divisor of 164400 and 112?
16
Calculate the greatest common divisor of 604 and 82899.
151
Calculate the highest common divisor of 3422024 and 4.
4
Calculate the greatest common factor of 28 and 664727.
7
Calculate the greatest common divisor of 2233 and 621731.
319
What is the greatest common factor of 36415 and 305?
5
Calculate the highest common divisor of 30702 and 2380.
238
Calculate the greatest common factor of 104420 and 69.
23
Calculate the greatest common divisor of 264 and 86004.
12
What is the greatest common divisor of 83394 and 138?
6
What is the highest common factor of 49 and 45885?
7
Calculate the highest common factor of 6231095 and 1105.
1105
Calculate the greatest common divisor of 155 and 1975.
5
What is the highest common divisor of 7 and 3451?
7
Calculate the greatest common factor of 39591 and 1908.
477
Calculate the greatest common factor of 25 and 135695.
5
Calculate the greatest common divisor of 160170 and 60.
30
What is the greatest common factor of 29948 and 40?
4
Calculate the greatest common divisor of 176 and 4096.
16
Calculate the highest common divisor of 1175 and 253095.
235
Calculate the greatest common factor of 2046 and 225742.
682
Calculate the highest common divisor of 10933 and 17980.
29
What is the highest common divisor of 3 and 90879?
3
Calculate the highest common divisor of 6905 and 55.
5
Calculate the highest common divisor of 3308 and 1807822.
1654
Calculate the greatest common factor of 67903 and 385.
11
What is the highest common factor of 66660 and 6765?
165
Calculate the greatest common divisor of 50 and 815.
5
Calculate the greatest common factor of 121366 and 56.
14
What is the highest common factor of 6292 and 2132?
52
Calculate the greatest common factor of 7 and 243.
1
What is the highest common divisor of 356 and 179513?
89
What is the greatest common divisor of 4 and 105368?
4
Calculate the highest common divisor of 415950 and 118.
118
What is the greatest common divisor of 24 and 488112?
24
What is the greatest common factor of 950145 and 420?
105
What is the highest common factor of 7437 and 2211?
201
What is the highest common divisor of 186 and 10106?
62
Calculate the highest common factor of 29 and 113651.
29
Calculate the highest common divisor of 672 and 2268.
84
What is the greatest common divisor of 798339 and 1431?
159
Calculate the highest common divisor of 2664 and 23643.
333
Calculate the highest common divisor of 85548 and 144.
12
What is the highest common factor of 60416 and 59?
59
Calculate the greatest common divisor of 840 and 10290.
210
Calculate the highest common divisor of 3144 and 41520.
24
Calculate the greatest common factor of 11136 and 12093.
87
What is the highest common divisor of 6200 and 1395?
155
What is the highest common divisor of 527 and 93?
31
Calculate the highest common divisor of 7625 and 12050.
25
Calculate the greatest common divisor of 762 and 82.
2
What is the highest common factor of 24 and 2922984?
24
Calculate the greatest common divisor of 3759 and 2148.
537
Calculate the highest common factor of 68011 and 391.
23
What is the highest common factor of 1005554 and 44?
22
What is the highest common divisor of 3933 and 109917?
207
What is the highest common divisor of 963 and 1404?
9
What is the greatest common factor of 372210 and 114?
114
Calculate the highest common divisor of 23636 and 577216.
1244
Calculate the greatest common divisor of 611184 and 1344.
336
What is the greatest common divisor of 217884 and 402?
402
Calculate the highest common factor of 304 and 63308.
76
Calculate the highest common divisor of 583 and 39061.
583
Calculate the greatest common factor of 1035 and 412206.
69
Calculate the highest common divisor of 2303 and 123328.
47
Calculate the greatest common divisor of 55 and 4671205.
55
What is the highest common factor of 349 and 4724413?
349
Calculate the highest common divisor of 22725 and 2025.
225
Calculate the highest common factor of 535 and 214321.
107
What is the highest common divisor of 138 and 336972?
6
What is the highest common factor of 53460 and 480?
60
What is the highest common divisor of 19911 and 3?
3
Calculate the highest common factor of 1720 and 56.
8
Calculate the highest common divisor of 80384 and 4608.
512
What is the greatest common divisor of 5603 and 832?
13
Calculate the highest common divisor of 39522 and 4242.
42
What is the highest common divisor of 50 and 13372?
2
What is the highest common factor of 17302 and 984?
82
Calculate the highest common factor of 1432 and 40.
8
Calculate the highest common divisor of 18 and 141426.
18
Calculate the highest common factor of 19300 and 5211.
193
Calculate the highest common factor of 1356 and 1002.
6
What is the greatest common divisor of 16 and 100264?
8
What is the greatest common divisor of 26128 and 4968?
184
Calculate the highest common divisor of 1194176 and 144.
16
What is the highest common divisor of 25560 and 200?
40
What is the highest common divisor of 42958 and 94?
94
Calculate the greatest common divisor of 3200 and 19456.
128
What is the highest common factor of 180880 and 532?
532
What is the greatest common divisor of 60 and 2796?
12
Calculate the highest common factor of 636624 and 40.
8
What is the highest common factor of 680 and 396610?
170
What is the greatest common factor of 3267 and 160809?
363
Calculate the highest common divisor of 54 and 23082.
6
Calculate the greatest common divisor of 23171 and 557467.
1363
Calculate the highest common factor of 613822 and 22.
22
Calculate the greatest common divisor of 11993 and 268.
67
What is the highest common divisor of 2926 and 3990?
266
What is the highest common divisor of 18511 and 13667?
173
What is the highest common factor of 284 and 241542?
142
Calculate the highest common divisor of 668 and 38911.
167
Calculate the highest common divisor of 9106 and 61858.
314
What is the highest common factor of 66 and 200992?
22
Calculate the greatest common divisor of 462462 and 77.
77
Calculate the greatest common factor of 1660385 and 365.
365
What is the greatest common divisor of 2044 and 1951509?
511
What is the greatest common factor of 9 and 2901?
3
Calculate the highest common divisor of 1701 and 1589949.
243
What is the highest common divisor of 5430 and 24315?
15
What is the highest common divisor of 1185757 and 3609?
401
What is the greatest common divisor of 998226 and 144?
18
Calculate the greatest common divisor of 314 and 645270.
314
Calculate the greatest common divisor of 354 and 9794.
118
Calculate the highest common divisor of 27 and 2417.
1
What is the highes